{"id":85536,"date":"2024-04-02T09:39:02","date_gmt":"2024-04-02T07:39:02","guid":{"rendered":"https:\/\/www.intarcon.com\/event\/expo-salon-del-frio\/"},"modified":"2024-04-02T09:40:56","modified_gmt":"2024-04-02T07:40:56","slug":"expo-salon-del-frio","status":"publish","type":"event","link":"https:\/\/www.intarcon.com\/en\/event\/expo-salon-del-frio\/","title":{"rendered":"Expo Sal\u00f3n del Fr\u00edo"},"content":{"rendered":"<p>An unrivalled event that will transform your perception of climate comfort. Join us at the Quito Metropolitan Convention Centre, where the latest innovations in air conditioning and refrigeration meet the vision of a more sustainable future. The Expo Sal\u00f3n del Fr\u00edo will open its doors on 18 June 2024, creating a vibrant space until 20 June 2024. Discover the revolution in air conditioning, connect with industry leaders and immerse yourself in a journey into the future of coolness and efficiency &#8211; mark these dates on your calendar and get ready for a unique air conditioning and refrigeration experience!<\/p>\n","protected":false},"excerpt":{"rendered":"<p>An unrivalled event that will transform your perception of climate comfort. Join us at the Quito Metropolitan Convention Centre, where the latest innovations in air conditioning and refrigeration meet the vision of a more sustainable future. The Expo Sal\u00f3n del Fr\u00edo will open its doors on 18 June 2024, creating a vibrant space until 20 [&hellip;]<\/p>\n","protected":false},"featured_media":0,"menu_order":0,"template":"","class_list":["post-85536","event","type-event","status-publish","hentry"],"yoast_head":"<!-- This site is optimized with the Yoast SEO plugin v25.5 - https:\/\/yoast.com\/wordpress\/plugins\/seo\/ -->\n<title>Expo Sal\u00f3n del Fr\u00edo - INTARCON<\/title>\n<meta name=\"description\" content=\"Expo Sal\u00f3n del Fr\u00edo will bring together industry experts and the latest trends in air conditioning technology and refrigeration systems.\" \/>\n<meta name=\"robots\" content=\"index, follow, max-snippet:-1, max-image-preview:large, max-video-preview:-1\" \/>\n<link rel=\"canonical\" href=\"https:\/\/www.intarcon.com\/en\/event\/expo-salon-del-frio\/\" \/>\n<meta property=\"og:locale\" content=\"en_US\" \/>\n<meta property=\"og:type\" content=\"article\" \/>\n<meta property=\"og:title\" content=\"Expo Sal\u00f3n del Fr\u00edo - INTARCON\" \/>\n<meta property=\"og:description\" content=\"Expo Sal\u00f3n del Fr\u00edo will bring together industry experts and the latest trends in air conditioning technology and refrigeration systems.\" \/>\n<meta property=\"og:url\" content=\"https:\/\/www.intarcon.com\/en\/event\/expo-salon-del-frio\/\" \/>\n<meta property=\"og:site_name\" content=\"INTARCON\" \/>\n<meta property=\"article:publisher\" content=\"https:\/\/www.facebook.com\/intarcon\/\" \/>\n<meta property=\"article:modified_time\" content=\"2024-04-02T07:40:56+00:00\" \/>\n<meta name=\"twitter:card\" content=\"summary_large_image\" \/>\n<meta name=\"twitter:site\" content=\"@Intarcon\" \/>\n<script type=\"application\/ld+json\" class=\"yoast-schema-graph\">{\"@context\":\"https:\/\/schema.org\",\"@graph\":[{\"@type\":\"WebPage\",\"@id\":\"https:\/\/www.intarcon.com\/en\/event\/expo-salon-del-frio\/\",\"url\":\"https:\/\/www.intarcon.com\/en\/event\/expo-salon-del-frio\/\",\"name\":\"Expo Sal\u00f3n del Fr\u00edo - INTARCON\",\"isPartOf\":{\"@id\":\"https:\/\/www.intarcon.com\/en\/#website\"},\"datePublished\":\"2024-04-02T07:39:02+00:00\",\"dateModified\":\"2024-04-02T07:40:56+00:00\",\"description\":\"Expo Sal\u00f3n del Fr\u00edo will bring together industry experts and the latest trends in air conditioning technology and refrigeration systems.\",\"breadcrumb\":{\"@id\":\"https:\/\/www.intarcon.com\/en\/event\/expo-salon-del-frio\/#breadcrumb\"},\"inLanguage\":\"en\",\"potentialAction\":[{\"@type\":\"ReadAction\",\"target\":[\"https:\/\/www.intarcon.com\/en\/event\/expo-salon-del-frio\/\"]}]},{\"@type\":\"BreadcrumbList\",\"@id\":\"https:\/\/www.intarcon.com\/en\/event\/expo-salon-del-frio\/#breadcrumb\",\"itemListElement\":[{\"@type\":\"ListItem\",\"position\":1,\"name\":\"Portada\",\"item\":\"https:\/\/www.intarcon.com\/en\/\"},{\"@type\":\"ListItem\",\"position\":2,\"name\":\"Events\",\"item\":\"https:\/\/www.intarcon.com\/en\/event\/\"},{\"@type\":\"ListItem\",\"position\":3,\"name\":\"Expo Sal\u00f3n del Fr\u00edo\"}]},{\"@type\":\"WebSite\",\"@id\":\"https:\/\/www.intarcon.com\/en\/#website\",\"url\":\"https:\/\/www.intarcon.com\/en\/\",\"name\":\"INTARCON\",\"description\":\"\",\"potentialAction\":[{\"@type\":\"SearchAction\",\"target\":{\"@type\":\"EntryPoint\",\"urlTemplate\":\"https:\/\/www.intarcon.com\/en\/?s={search_term_string}\"},\"query-input\":{\"@type\":\"PropertyValueSpecification\",\"valueRequired\":true,\"valueName\":\"search_term_string\"}}],\"inLanguage\":\"en\"}]}<\/script>\n<!-- \/ Yoast SEO plugin. -->","yoast_head_json":{"title":"Expo Sal\u00f3n del Fr\u00edo - INTARCON","description":"Expo Sal\u00f3n del Fr\u00edo will bring together industry experts and the latest trends in air conditioning technology and refrigeration systems.","robots":{"index":"index","follow":"follow","max-snippet":"max-snippet:-1","max-image-preview":"max-image-preview:large","max-video-preview":"max-video-preview:-1"},"canonical":"https:\/\/www.intarcon.com\/en\/event\/expo-salon-del-frio\/","og_locale":"en_US","og_type":"article","og_title":"Expo Sal\u00f3n del Fr\u00edo - INTARCON","og_description":"Expo Sal\u00f3n del Fr\u00edo will bring together industry experts and the latest trends in air conditioning technology and refrigeration systems.","og_url":"https:\/\/www.intarcon.com\/en\/event\/expo-salon-del-frio\/","og_site_name":"INTARCON","article_publisher":"https:\/\/www.facebook.com\/intarcon\/","article_modified_time":"2024-04-02T07:40:56+00:00","twitter_card":"summary_large_image","twitter_site":"@Intarcon","schema":{"@context":"https:\/\/schema.org","@graph":[{"@type":"WebPage","@id":"https:\/\/www.intarcon.com\/en\/event\/expo-salon-del-frio\/","url":"https:\/\/www.intarcon.com\/en\/event\/expo-salon-del-frio\/","name":"Expo Sal\u00f3n del Fr\u00edo - INTARCON","isPartOf":{"@id":"https:\/\/www.intarcon.com\/en\/#website"},"datePublished":"2024-04-02T07:39:02+00:00","dateModified":"2024-04-02T07:40:56+00:00","description":"Expo Sal\u00f3n del Fr\u00edo will bring together industry experts and the latest trends in air conditioning technology and refrigeration systems.","breadcrumb":{"@id":"https:\/\/www.intarcon.com\/en\/event\/expo-salon-del-frio\/#breadcrumb"},"inLanguage":"en","potentialAction":[{"@type":"ReadAction","target":["https:\/\/www.intarcon.com\/en\/event\/expo-salon-del-frio\/"]}]},{"@type":"BreadcrumbList","@id":"https:\/\/www.intarcon.com\/en\/event\/expo-salon-del-frio\/#breadcrumb","itemListElement":[{"@type":"ListItem","position":1,"name":"Portada","item":"https:\/\/www.intarcon.com\/en\/"},{"@type":"ListItem","position":2,"name":"Events","item":"https:\/\/www.intarcon.com\/en\/event\/"},{"@type":"ListItem","position":3,"name":"Expo Sal\u00f3n del Fr\u00edo"}]},{"@type":"WebSite","@id":"https:\/\/www.intarcon.com\/en\/#website","url":"https:\/\/www.intarcon.com\/en\/","name":"INTARCON","description":"","potentialAction":[{"@type":"SearchAction","target":{"@type":"EntryPoint","urlTemplate":"https:\/\/www.intarcon.com\/en\/?s={search_term_string}"},"query-input":{"@type":"PropertyValueSpecification","valueRequired":true,"valueName":"search_term_string"}}],"inLanguage":"en"}]}},"_links":{"self":[{"href":"https:\/\/www.intarcon.com\/en\/wp-json\/wp\/v2\/event\/85536","targetHints":{"allow":["GET"]}}],"collection":[{"href":"https:\/\/www.intarcon.com\/en\/wp-json\/wp\/v2\/event"}],"about":[{"href":"https:\/\/www.intarcon.com\/en\/wp-json\/wp\/v2\/types\/event"}],"wp:attachment":[{"href":"https:\/\/www.intarcon.com\/en\/wp-json\/wp\/v2\/media?parent=85536"}],"curies":[{"name":"wp","href":"https:\/\/api.w.org\/{rel}","templated":true}]}}

Expo Salón del Frío

<p>An unrivalled event that will transform your perception of climate comfort. Join us at the Quito Metropolitan Convention Centre, where the latest innovations in air conditioning and refrigeration meet the vision of a more sustainable future. The Expo Salón del Frío will open its doors on 18 June 2024, creating a vibrant space until 20 June 2024. Discover the revolution in air conditioning, connect with industry leaders and immerse yourself in a journey into the future of coolness and efficiency &#8211; mark these dates on your calendar and get ready for a unique air conditioning and refrigeration experience!</p>

<p>An unrivalled event that will transform your perception of climate comfort. Join us at the Quito Metropolitan Convention Centre, where the latest innovations in air conditioning and refrigeration meet the vision of a more sustainable future. The Expo Salón del Frío will open its doors on 18 June 2024, creating a vibrant space until 20 [&hellip;]</p>

<!-- This site is optimized with the Yoast SEO plugin v25.5 - https://yoast.com/wordpress/plugins/seo/ -->
<title>Expo Salón del Frío - INTARCON</title>
<meta name="description" content="Expo Salón del Frío will bring together industry experts and the latest trends in air conditioning technology and refrigeration systems." />
<meta name="robots" content="index, follow, max-snippet:-1, max-image-preview:large, max-video-preview:-1" />
<link rel="canonical" href="https://www.intarcon.com/en/event/expo-salon-del-frio/" />
<meta property="og:locale" content="en_US" />
<meta property="og:type" content="article" />
<meta property="og:title" content="Expo Salón del Frío - INTARCON" />
<meta property="og:description" content="Expo Salón del Frío will bring together industry experts and the latest trends in air conditioning technology and refrigeration systems." />
<meta property="og:url" content="https://www.intarcon.com/en/event/expo-salon-del-frio/" />
<meta property="og:site_name" content="INTARCON" />
<meta property="article:publisher" content="https://www.facebook.com/intarcon/" />
<meta property="article:modified_time" content="2024-04-02T07:40:56+00:00" />
<meta name="twitter:card" content="summary_large_image" />
<meta name="twitter:site" content="@Intarcon" />
<script type="application/ld+json" class="yoast-schema-graph">{"@context":"https://schema.org","@graph":[{"@type":"WebPage","@id":"https://www.intarcon.com/en/event/expo-salon-del-frio/","url":"https://www.intarcon.com/en/event/expo-salon-del-frio/","name":"Expo Salón del Frío - INTARCON","isPartOf":{"@id":"https://www.intarcon.com/en/#website"},"datePublished":"2024-04-02T07:39:02+00:00","dateModified":"2024-04-02T07:40:56+00:00","description":"Expo Salón del Frío will bring together industry experts and the latest trends in air conditioning technology and refrigeration systems.","breadcrumb":{"@id":"https://www.intarcon.com/en/event/expo-salon-del-frio/#breadcrumb"},"inLanguage":"en","potentialAction":[{"@type":"ReadAction","target":["https://www.intarcon.com/en/event/expo-salon-del-frio/"]}]},{"@type":"BreadcrumbList","@id":"https://www.intarcon.com/en/event/expo-salon-del-frio/#breadcrumb","itemListElement":[{"@type":"ListItem","position":1,"name":"Portada","item":"https://www.intarcon.com/en/"},{"@type":"ListItem","position":2,"name":"Events","item":"https://www.intarcon.com/en/event/"},{"@type":"ListItem","position":3,"name":"Expo Salón del Frío"}]},{"@type":"WebSite","@id":"https://www.intarcon.com/en/#website","url":"https://www.intarcon.com/en/","name":"INTARCON","description":"","potentialAction":[{"@type":"SearchAction","target":{"@type":"EntryPoint","urlTemplate":"https://www.intarcon.com/en/?s={search_term_string}"},"query-input":{"@type":"PropertyValueSpecification","valueRequired":true,"valueName":"search_term_string"}}],"inLanguage":"en"}]}</script>
<!-- / Yoast SEO plugin. -->

Expo Salón del Frío - INTARCON

Expo Salón del Frío will bring together industry experts and the latest trends in air conditioning technology and refrigeration systems.
